greatest common factor of 28 and t?
7
Suppose 10*v - 6697 = 4633. Suppose 3*l + a - 673 = 0, 2*a = 5*l - 2*a - v. What is the greatest common factor of 9 and l?
9
Suppose -4 = 2*r, -3*r + 224 - 820 = -2*g. What is the greatest common divisor of g and 118?
59
Suppose 0 = 9*x + 170 - 2159. What is the greatest common divisor of x and 13?
13
Let j = 164 + -149. What is the highest common divisor of 10 and j?
5
Suppose 20 = 3*p - 2*w, p - 5*w = -2*w + 2. Suppose -9 = -5*v + 2*v. Suppose -v = m - 5. What is the greatest common divisor of p and m?
2
Suppose h - 10 = -h. Suppose h*d = -2*g - 2*g + 201, 0 = 3*g - 2*d - 145. Calculate the highest common factor of 7 and g.
7
Let q(t) = 350*t + 11. Let x be q(2). Calculate the highest common divisor of x and 79.
79
Let y be 14206/14 - 2/(-42)*6. Suppose -5*c + 0*c = 2*m - y, -4*c - m = -815. Calculate the greatest common factor of 41 and c.
41
Let b(c) = 8*c**2 + 2*c + 2. Suppose 0*n + 16 = -4*n. Let o be b(n). Let i = -57 + o. What is the greatest common factor of 26 and i?
13
Suppose z = -z - 26. Let i(g) = -g - 1. Let o be i(z). What is the highest common factor of 6 and o?
6
Suppose 5*l - 1535 = -d, -2*d - 1230 = -5*l + 320. What is the greatest common factor of 77 and l?
77
Let q = -17 - -31. Let j be (72/14)/((10 - 0) + 4392/(-441)). Calculate the highest common factor of j and q.
14
Let m = 47 - 31. Suppose -9*z + 360 = 6*z. Calculate the highest common divisor of z and m.
8
Let w be 35/30*-9*-6. Calculate the highest common factor of w and 14.
7
Suppose -3*b + 4*b = -h + 38, -4*h = -3*b + 100. Let s = b + -7. Calculate the greatest common divisor of s and 58.
29
Let w(u) = 49*u - 11. Let a = 43 + -38. Let l be w(a). Calculate the highest common factor of l and 26.
26
Let r = -25 - -31. Let n(v) be the third derivative of v**5/60 - 7*v**4/24 + 4*v**3/3 - v**2. Let q be n(r). What is the greatest common divisor of 5 and q?
1
Suppose -5*y = -6*y. Suppose c - 10 - 10 = y. Suppose -1 = -b + 3. Calculate the highest common divisor of c and b.
4
Let r = 114 + -114. Suppose -5*h - 2*q + 883 = r, -q - 4*q - 155 = -h. Calculate the highest common factor of h and 25.
25
Let m = -263 + 300. What is the highest common divisor of m and 37?
37
Let o(q) = q**2 + 6*q - 6. Suppose 0 = 5*k + 1 + 39. Let t be o(k). Calculate the highest common factor of t and 90.
10
Let j = 7 - -134. Let s be j - -6 - 1*2. Calculate the highest common divisor of s and 58.
29
Let c be 38/34 - 4/34. Let y = c + 6. Calculate the highest common divisor of y and 35.
7
Suppose 11*u + 1440 = 3*u. Let j = u + 404. Calculate the greatest common factor of j and 32.
32
Let y be (5805/10)/1 - 5/10. Calculate the highest common divisor of y and 232.
116
Suppose 0 = o + 2*o + 4*r - 6, -3*r = -2*o + 21. What is the highest common factor of o and 96?
6
Suppose 0*y = 4*h - y - 145, -2*h + 5*y + 77 = 0. Suppose 293*u - 702 = 280*u. Calculate the greatest common divisor of h and u.
18
Suppose 5*g = -289 + 3664. Suppose -4*a + g = a. Let j(t) = 16*t**3 - t**2 + t - 1. Let n be j(1). Calculate the highest common factor of a and n.
15
Let f(z) = 110 - z**2 - 2*z + 98 + 3*z. Suppose -6*o = 3*o. Let j be f(o). Calculate the highest common factor of 26 and j.
26
Let l = 13 + 17. Suppose -5*j + l = -0. What is the highest common factor of j and 24?
6
Let u(f) = -18*f - 126. Let x be u(-16). Calculate the greatest common factor of x and 216.
54
Let l be (-5005)/(-117) + (-4)/(-18). Suppose -4*a = l - 7. Let i(v) = -v**2 - 11*v + 12. Let u be i(a). What is the highest common factor of 330 and u?
30
Let c = 1091 + -731. What is the greatest common divisor of 480 and c?
120
Let o = -61 + 66. Suppose 0 = o*u - 11*u + 90. What is the highest common factor of 9 and u?
3
Suppose -20 = -2*j - 4*o, j + 0*o - 15 = 3*o. Suppose 0 = 5*s + 16 - 76. Calculate the greatest common divisor of j and s.
12
Suppose 5*j + 2*k - 34 = -k, 0 = 4*k + 8. Suppose x + 19 = 2*x - 5*p, x - 15 = p. Let w = x - 12. What is the highest common factor of w and j?
2
Let p(z) = z**3 + 4*z**2 - 12*z. Let i be p(-6). Suppose i*k - 1 = -k. What is the greatest common factor of k and 1?
1
Let g(z) = -2*z**3 - 2*z**2 - z + 2. Let x be g(-2). Calculate the highest common divisor of x and 3.
3
Let w = 40 + -49. Let a be (2 + (-14)/(-5))/(w/(-30)). Calculate the highest common factor of 16 and a.
16
Let u = -94 - -134. What is the greatest common divisor of u and 180?
20
Let c be 21/9 + 4/6. Suppose q - 3*w = -2*w + 25, c*w - 99 = -3*q. Suppose -7 - q = -2*p. What is the greatest common divisor of 2 and p?
2
Let b(q) = -137*q - 32. Let s be b(-4). Calculate the highest common divisor of 12 and s.
12
Suppose v = 5*y + 55, v + v + 4*y - 180 = 0. Suppose 5*p = 3*p + 20. What is the greatest common divisor of p and v?
10
Let l(z) = -3*z - 1. Let x be l(-1). Suppose -4*k = -d - 3*d - 4, x*k + 6 = -2*d. Let c be (19/d)/(18/(-36)). Calculate the greatest common divisor of c and 95.
19
Let x = -290 + 590. What is the greatest common divisor of 120 and x?
60
Suppose 17*q - 16*q - 3 = 0. Suppose -t = t - x - q, t - x = 0. What is the greatest common divisor of 3 and t?
3
Let w(z) = 2*z**2 - 33*z - 18. Let r be w(18). Calculate the greatest common factor of r and 468.
36
Let x be (6/(-12))/(1/(-216)). Let q be 15 - (2 + (3 - 2)). What is the greatest common divisor of q and x?
12
Let g(j) = -9*j + 3. Let u be g(-2). Let q be 2/(-2) + (-18)/u*-7. Let z(c) = 3*c**2 - c - 4. Let l be z(4). Calculate the highest common factor of l and q.
5
Suppose 130 = 2*f + 5*w, 5*w = 3*f - 0*f - 170. Suppose 4*t + 32 = p, 48 - 150 = -4*p + 3*t. Calculate the highest common factor of p and f.
12
Let i = 61 + -35. Let s(x) = -x**3 + 15*x**2 + 19*x - 22. Let r be s(16). Calculate the greatest common factor of r and i.
26
Let g = -588 + 608. Let y be 2/(2/(-115)) - -2. Let i = y - -253. What is the highest common factor of i and g?
20
Let w(x) = x. Let b be w(-3). Let c be b/(-9) + (-74)/(-3). Let k(d) = -d**3 + 8*d**2 - 5*d - 9. Let l be k(7). Calculate the highest common factor of l and c.
5
Let g be 7*(2 + 1) - 6. Let u(z) = -61*z - 2. Let x be u(-2). What is the greatest common factor of g and x?
15
Let d = -91 + 144. Suppose -4*q - v = 2*v - 49, 5*q + v - d = 0. What is the greatest common factor of 40 and q?
10
Let k be (19 - 7)/((-13)/(-156)). What is the highest common divisor of k and 2880?
144
Let k be (-12)/(-20) + 2 + 21/15. Suppose -5*i + k = -101. What is the greatest common factor of i and 3?
3
Let p(i) = i**3 - 9*i**2 - 12*i + 7. Let s be p(-13). Let w be 1/12*2 + s/(-54). What is the greatest common divisor of 22 and w?
22
Suppose -3*s = s - 12, j - 9 = -2*s. Suppose 0*v = j*v - 189. Calculate the highest common divisor of v and 42.
21
Let p(f) = -f**3 + 15*f**2 + 9*f - 90. Let u be p(6). Calculate the greatest common factor of 36 and u.
36
Suppose 3*k = 2*k. Let i = k - -56. Calculate the highest common divisor of i and 28.
28
Suppose 78*a = 79*a + 3*r - 376, -1476 = -4*a - 5*r. Calculate the highest common factor of 168 and a.
28
Suppose -17*c + 13077 = -1135. Calculate the greatest common factor of 228 and c.
76
Let r(j) = 22*j + 1. Let a be r(9). Suppose -4*s + 2*s - a = -f, -4*f - s + 751 = 0. Calculate the highest common divisor of f and 27.
27
Let w = -9 - -14. Suppose l + 2310 = -w*l. Let u = -270 - l. Calculate the greatest common divisor of 46 and u.
23
Suppose -3*y + 821 = y + 3*u, -2*y + 433 = -3*u. Calculate the greatest common divisor of 11 and y.
11
Let i be 9/63 + 250/14. Let w(h) = -24*h**3 - h**2 + h + 1. Let k be w(-1). Let x = k + -14. Calculate the greatest common factor of x and i.
9
Let g = 231 + -88. Suppose 76 = 4*f + 8. Let b = f - 4. Calculate the greatest common factor of b and g.
13
Let p be (47/(-5) - -9)*-595. What is the highest common factor of p and 7?
7
Suppose f + 0*f = 28. Calculate the highest common divisor of f and 28.
28
Let u be -2*(15/(-6) - 0). Suppose 2*k + 3 = 3*k. Suppose -5*a + 4*d = -120, -k*a - 2*d + 50 = -0*d. Calculate the highest common divisor of a and u.
5
Suppose -25*z + 26*z = 0. Suppose 0*w - 2*w + 4*j = -60, -3*w + 3*j + 78 = z. Calculate the highest common divisor of 154 and w.
22
Let h = 27 - 13. Suppose -5*m = -h*m + 594. Calculate the highest common fa